.
14
Let t(f) = -104*f + 74. Give t(1).
-30
Let m(g) = -28*g + 24. Calculate m(1).
-4
Let m(c) = -3*c**3 + 2*c**2 + 4*c + 10. Calculate m(3).
-41
Let p(r) = -20*r + 45. Give p(2).
5
Let r(k) = -42*k + 9. What is r(-2)?
93
Let g(w) = w**3 - 7*w**2 + 2*w - 13. Give g(7).
1
Let b(g) = 18*g - 77. Calculate b(4).
-5
Let g(a) = -94*a - 183. Determine g(-2).
5
Let c(j) = -4*j**2 + 20*j + 29. Determine c(6).
5
Let b(c) = c**2 + 21*c + 100. What is b(-12)?
-8
Let q(d) = -10*d - 2. Determine q(1).
-12
Let g(a) = -2*a**3 - a**2 - a + 3. Give g(3).
-63
Let c(j) = -6*j + 14. Give c(3).
-4
Let n(z) = 3*z**2 + z + 2. Calculate n(-1).
4
Let q(n) = -5*n + 4. Give q(2).
-6
Let g(b) = b**3 + 4*b**2 + 3*b + 3. What is g(-2)?
5
Let x(t) = t**3 - 3*t**2 - 5*t + 2. Determine x(4).
-2
Let n(o) = -2*o**3 + 17*o**2 + 6*o - 18. Calculate n(9).
-45
Let w(t) = -t**2 - 16*t - 32. Calculate w(-13).
7
Let t(a) = 2*a**3 - 4*a**2 - 6*a - 2. Determine t(3).
-2
Let q(v) = v**2 - 5*v + 9. Calculate q(8).
33
Let r(b) = b**3 - 6*b**2 + b - 3. Determine r(4).
-31
Let i(v) = v**3 - 6*v**2 + v + 12. Give i(5).
-8
Let q(k) = -k**3 - 9*k**2 - 15*k - 1. Give q(-7).
6
Let a(r) = -r**3 - 7*r**2 - 8*r + 3. Calculate a(-6).
15
Let w(j) = 23*j - 248. What is w(11)?
5
Let x(c) = -c + 21. Give x(7).
14
Let b(q) = q**3 - 5*q**2 + 3*q - 8. Give b(4).
-12
Let j(a) = a**2 + 7*a - 12. Give j(-9).
6
Let k(q) = -q**2 + 20*q + 31. Give k(21).
10
Let u(y) = -7*y - 5. Determine u(-6).
37
Let n(t) = t**2 + 10. Give n(-7).
59
Let h(r) = 5*r**2 - r + 1. What is h(2)?
19
Let s(i) = -7*i - 60. Calculate s(-11).
17
Let a(b) = -b**2 - 5*b - 8. Give a(-6).
-14
Let v(t) = -t**3 + 11*t**2 + 12*t - 8. What is v(12)?
-8
Let b(g) = g**3 - 25*g**2 - 28*g + 95. Determine b(26).
43
Let d(a) = 2*a + 26. Determine d(-12).
2
Let z(s) = 3*s**2 - s - 3. Determine z(3).
21
Let a(y) = y**2 - 24*y - 123. Calculate a(28).
-11
Let n(a) = -a**2 + a - 25. What is n(0)?
-25
Let j(m) = 3*m**2 + 22*m + 12. Calculate j(-8).
28
Let f(x) = x**3 + 32*x**2 + 33*x + 33. What is f(-31)?
-29
Let m(s) = s**2 + 12*s + 17. What is m(-8)?
-15
Let a(n) = -n**2 - 1. Give a(0).
-1
Let a(v) = 10*v + 6. Determine a(3).
36
Let l(i) = -3*i**2 + 30*i - 1. What is l(10)?
-1
Let b(a) = a**3 + 7*a**2 + 12*a - 2. Determine b(-5).
-12
Let i(z) = z**3 - 3*z**2 + 2*z - 31. Give i(4).
-7
Let v(h) = 3*h**2 - 36*h + 36. What is v(11)?
3
Let r(u) = 10*u + 3. What is r(0)?
3
Let h(v) = 2*v + 6. Give h(-6).
-6
Let w(q) = q**3 - 5*q**2 - 6*q + 5. What is w(5)?
-25
Let l(z) = -2*z**2 - 18*z + 31. Determine l(-10).
11
Let i(v) = v**2 + 13*v + 38. Calculate i(-5).
-2
Let b(p) = 31*p**2 + 2*p - 2. What is b(1)?
31
Let j(x) = -4*x - 41. Determine j(-12).
7
Let l(n) = -n**3 - 26*n**2 + 4*n + 78. What is l(-26)?
-26
Let u(h) = -h**2 + 13*h - 42. Determine u(8).
-2
Let w(l) = -9*l**2 - 6*l - 4. Give w(-2).
-28
Let g(l) = -l**3 - 11*l**2 - 10*l + 25. Give g(-10).
25
Let b(f) = 3*f**3 + 33*f**2 - 2*f + 1. What is b(-11)?
23
Let c(v) = v**2 + 10*v - 12. Determine c(-11).
-1
Let g(l) = -l**3 - 6*l**2 - 5*l + 6. What is g(-6)?
36
Let p(f) = -23*f - 9. Determine p(-2).
37
Let k(c) = 8*c**3 - 2*c**2 + 3*c + 3. What is k(-2)?
-75
Let k(f) = -24*f**2 - 2*f - 1. Determine k(-1).
-23
Let k(t) = -t**2 + 11*t - 3. What is k(11)?
-3
Let f(z) = -z**2 + 20*z - 10. Give f(19).
9
Let z(x) = -38*x - 421. Give z(-11).
-3
Let f(c) = -c**3 + 14*c**2 - 15*c + 5. Calculate f(13).
-21
Let j(g) = -3*g**2 - 23*g + 8. What is j(-8)?
0
Let b(g) = g**3 + g**2 - 4*g + 3. Calculate b(1).
1
Let x(f) = -f**2 + 5*f + 104. What is x(-7)?
20
Let f(o) = -6*o - 164. Calculate f(-25).
-14
Let l(s) = -s**3 - 26*s**2 - 26*s + 10. Calculate l(-25).
35
Let p(d) = -d**2 - 6*d - 6. Determine p(-9).
-33
Let y(a) = 12*a**3 - 2*a**2 - a + 2. Calculate y(1).
11
Let a(r) = r**3 + 8*r**2 + 6*r + 4. Determine a(-6).
40
Let n(f) = -f**2 + 37*f - 332. Determine n(16).
4
Let b(r) = -r**3 - 9*r**2 - 3*r - 2. Determine b(-9).
25
Let a(f) = f**3 + f**2 - 2*f + 8. What is a(0)?
8
Let x(b) = -2*b + 18. What is x(6)?
6
Let p(z) = z**3 + 11*z**2 + 16*z - 17. Determine p(-9).
1
Let q(k) = 2*k**3 + 9*k**2 - 11*k - 11. Give q(-5).
19
Let h(z) = 6*z + 2. Give h(4).
26
Let f(m) = m**2 - 3*m - 127. Calculate f(13).
3
Let h(z) = 9*z - 65. Determine h(7).
-2
Let m(a) = 9*a + 214. What is m(-27)?
-29
Let v(o) = -o**2 - 4*o + 17. Calculate v(-7).
-4
Let w(k) = k**3 - 7*k**2 + 7*k - 1. Give w(6).
5
Let s(i) = -5*i + 1. Calculate s(-11).
56
Let t(b) = 20*b - 3. Determine t(-3).
-63
Let j(g) = g**3 + 4*g**2 + g - 4. What is j(-5)?
-34
Let z(r) = -2*r**3 - 27*r**2 + 15*r + 25. Determine z(-14).
11
Let z(r) = -3*r + 3. Give z(2).
-3
Let d(w) = -6*w - 18. Calculate d(7).
-60
Let b(n) = -n - 53. Determine b(6).
-59
Let r(i) = -i**3 + 9*i**2 + i - 12. Calculate r(9).
-3
Let w(n) = -n**3 + 9*n**2 + 1. Determine w(9).
1
Let p(h) = -h**3 + 18*h**2 - h - 12. What is p(18)?
-30
Let c(a) = 4*a + 12. What is c(12)?
60
Let m(f) = f**2 + 19*f - 11. Give m(-11).
-99
Let j(i) = -i**2 + 11*i - 30. Calculate j(4).
-2
Let z(h) = h**2 + 2*h + 2. Give z(0).
2
Let m(s) = 3*s - 14. What is m(0)?
-14
Let b(c) = -c**3 + 7*c**2 + 9*c - 9. What is b(8)?
-1
Let v(c) = -2*c**3 + 2*c**2 - 3*c + 3. Give v(-3).
84
Let q(n) = -n + 6. Give q(8).
-2
Let q(x) = -32*x**3 + 2*x**2 - 2*x - 2. What is q(-1)?
34
Let q(d) = -2*d**3 - 9*d**2 - 9*d - 14. Calculate q(-4).
6
Let p(o) = o**3 - o**2 + o - 15. What is p(0)?
-15
Let i(q) = -3*q**2 + 3*q + 4. What is i(3)?
-14
Let m(n) = 4*n**2 + n - 3. Determine m(-2).
11
Let j(g) = 12*g + 5. Calculate j(-2).
-19
Let b(g) = g**2 + 69*g + 9. Determine b(-69).
9
Let k(x) = x**3 + 30*x**2 - 30*x + 66. What is k(-31)?
35
Let q(o) = o**3 - o**2 + 2*o + 7. Give q(-2).
-9
Let j(c) = -c**3 + 26*c**2 - 22*c - 85. Give j(25).
-10
Let q(a) = a**3 + 6*a**2 - a + 8. Determine q(-6).
14
Let g(z) = z**3 + 4*z**2 - 5*z - 7. What is g(-5)?
-7
Let t(m) = 5*m - 11. What is t(6)?
19
Let o(q) = -q**3 + 5*q**2 - 4*q. What is o(4)?
0
Let a(t) = -10*t + 18. What is a(-4)?
58
Let k(b) = -5*b**2 + 4*b + 3. What is k(-1)?
-6
Let r(s) = s**3 + 3*s**2 - 2*s + 2. Calculate r(-6).
-94
Let k(t) = -t**3 + 23*t**2 + 23*t + 12. Calculate k(24).
-12
Let l(r) = -r**2 + 2*r + 96. Give l(12).
-24
Let k(h) = 5*h + 2. What is k(-1)?
-3
Let h(j) = j + 3. Determine h(-9).
-6
Let s(k) = -k**2 + 157. Give s(13).
-12
Let v(l) = l**3 - 10*l**2 + 18*l - 4. What is v(8)?
12
Let c(x) = -15*x + 205. Give c(14).
-5
Let l(a) = a - 27. Calculate l(20).
-7
Let g(x) = -12*x - 44. Determine g(-5).
16
Let y(u) = -u**2 + 10*u + 18. Give y(12).
-6
Let m(a) = a**3 + 9*a**2 + 5*a + 19. Determine m(-9).
-26
Let v(n) = -n**2 - 13*n - 9. Calculate v(-6).
33
Let f(a) = -36*a + 1. Calculate f(-1).
37
Let w(x) = 7*x + 32. Determine w(-5).
-3
Let x(u) = -u + 14. Determine x(-24).
38
Let i(b) = -2*b - 8. Calculate i(-6).
4
Let c(q) = q**3 + 7*q**2 - 3*q - 1. What is c(-7)?
20
Let g(l) = 2*l**2 + 5*l + 6. Calculate g(-4).
18
Let t(y) = -y**2 - 6*y. What is t(-6)?
0
Let v(m) = -m**2 - 11*m + 13. Determine v(-12).
1
Let z(h) = -h**2 + 13*h + 140. Determine z(20).
0
Let z(h) = -h - 44. Calculate z(0).
-44
Let l(p) = -2*p - 2. What is l(-4)?
6
Let l(z) = 3*z - 7. Determine l(5).
8
Let x(w) = -7*w + 9. Determine x(-5).
44
Let d(t) = t + 17. What is d(-9)?
8
Let b(o) = 4*o + 78. What is b(-19)?
2
Let t(l) = -l**2 - 10*l - 13. What is t(-9)?
-4
Let c(f) = -f**2 - 27*f - 2. What is c(-27)?
-2
Let i(y) = -43*y + 295. Give i(7).
-6
Let v(z) = -5*z - 197. Calculate v(-38).
-7
Let n(w) = w**3 - 7*w**2 + 1. What is n(8)?
65
Let h(a) = -a + 28. Give h(21).
7
Let j(f) = f**2 - 37*f - 94. Calculate j(39).
-16
Let j(r) = -r**2 - 6*r - 6. Calculate j(-5).
-1
Let r(l) = -17*l - 200. Calculate r(-14).
38
Let z(p) = -p**3 - 19*p**2 - 2*p - 12. Calculate z(-19).
26
Let d(q) = -q**2 + 6*q - 6. Give d(1).
-1
Let d(t) = t**2 + 22*t + 20. What is d(-21)?
-1
Let q(u) = -7*u + 88. Give q(13).
-3
Let h(g) = -2*g**2 + 24. What is h(0)?
24
Let q(i) = -20*i**3 - i**2. Give q(1).
-21
Let k(i) = -16*i + 7. Calculate k(4).
-57
Let w(h) = h**3 - 5*h**2 - 12*h - 3. Determine w(7).
11
Let k(z) = z**2 + 4*z + 11. Determine k(-7).
32
Let n(z) = z**3 - 4*z**2 - 4*z - 15. Give n(5).
-10
Let z(x) = 10*x + 12. Give z(-6).
-48
Let d(b) = -b**3 - 10*b**2 - 15